*r = -2*z - 6. Give s(z).
10
Let r(y) be the first derivative of -y**4/4 + y**3/3 - 10*y + 287. Give r(0).
-10
Let z(c) = -29 - 4*c - 33 + 10*c**2 + c + 92 - 29. Give z(2).
35
Let a be (-1)/1*(3 - -1). Let s(g) be the first derivative of -5*g - 16 + 1/2*g**2. Calculate s(a).
-9
Let c(i) = i**3 + i**2 - i + 2. Suppose 23*z + 4 = 25*z. Suppose 2*w + 2*w = -2*v + 6, 3*v = z*w + 9. Give c(w).
2
Suppose 5*u + 0*u = -3*t, 0 = -5*t + 3*u. Let q = 63 - 59. Let y(a) = q - 2*a - 2*a - 6*a + 11*a. What is y(t)?
4
Let c(n) be the second derivative of -1/6*n**3 - 1/2*n**2 - 17*n + 0. Give c(7).
-8
Let v(g) = g - 3. Suppose 0 = d + 2*d - 4*x - 30, 3*d - 33 = 5*x. Let h(o) = -o - 1. Let p(s) = d*h(s) - 3*v(s). Determine p(2).
-15
Let a be (35/2 + 4)*2. Let f = a - 47. Let l(o) = -o + 1. Calculate l(f).
5
Let g = 1/170 + 73/2040. Let u(v) be the third derivative of 3*v**2 + 0 + 0*v + 1/3*v**3 - g*v**4. Calculate u(6).
-4
Let r be ((-10)/4)/(-1) - (-1)/2. Let t(f) = -6 + 3 - 10*f - 2 + 10 - f**r - 12*f**2. Give t(-11).
-6
Let u(y) = -y**2 - 2*y + 2. Let n = 8 + -6. Let f be 0 + 5 + -3 - -1. Suppose n*v = -3*a - 4, -2*v + v - 5 = f*a. Give u(a).
2
Let c(z) = z - 30. Let a(b) = -10. Let k(q) = -11*a(q) + 4*c(q). Let m be 12/32 - 3869/(-584). Give k(m).
18
Suppose 85 = -33*j - 80. Let v(u) = -u**2 + u + 7 - 3*u - 2*u. Determine v(j).
2
Let i(c) = c**2 - 4*c - 7. Suppose -2*d = -4*x - x + 254, 0 = -2*x + 3*d + 95. Let g = x - 34. Suppose -4*p + g = 2*m - p, 5*m = -p + 32. What is i(m)?
5
Let k(t) be the second derivative of t**4/12 - t**3/6 - 2*t**2 - 627*t. Let u be (-1)/3 + 2/6. Determine k(u).
-4
Let t(l) = 11*l**2 + l - 1. Let c(a) = -12*a**2 - 2*a + 2. Let v(w) = -2*c(w) - 3*t(w). Give v(1).
-9
Let x = 10 + 10. Let j be (-30)/x + 2/(-4). Let o(v) = -3*v - 1. Give o(j).
5
Let a(b) = 3*b**3 - 5*b**2 + 10*b + 4. Let q(r) = -2*r**3 - r**2 - r - 3. Let v(o) = a(o) + 2*q(o). Let g(f) = 3*f + 7. Let u be g(-5). Give v(u).
-2
Let a(i) = 10*i - 16. Suppose -541*f + 533*f + 32 = 0. What is a(f)?
24
Let r(c) = 68 + 13*c + 70 - c**2 - 133. Give r(12).
17
Let g(r) be the second derivative of r**3/3 + 5*r**2/2 + 211*r. Determine g(6).
17
Let r(o) = -8*o**2 - o**3 - 2*o + 2*o + 6 - 6*o. Let j = 147 - 56. Suppose 15*f = 2*f - j. What is r(f)?
-1
Let w(q) = 3*q - 3. Let z(l) = l**3 - 3*l**2 + 5*l - 7. Let h be z(3). Suppose 5*f + h - 18 = 0. Calculate w(f).
3
Let o(u) = u + 12. Let z be o(-14). Let m(w) = -2*w + 3. Let s(c) = -1. Let v(g) = z*s(g) - m(g). Determine v(-2).
-5
Let t = 484 + -480. Let x(a) = -3*a - 7. Give x(t).
-19
Suppose 10*s - 4*s + 5*s = 0. Let u(o) = 1 + 3 + o + 1 - 3. Give u(s).
2
Let r(l) = -2*l**2 - l + 2. Let u = 31 - 24. Let z be 6 - (u - (-5 + 8)). Determine r(z).
-8
Let t(q) be the first derivative of 2*q**3 + q**2 - q + 175. Determine t(1).
7
Let q(o) be the first derivative of o**2/2 - 4*o - 430. Let n = 3 + 0. Determine q(n).
-1
Let d(w) be the third derivative of -w**9/20160 - w**8/10080 + w**6/360 + 4*w**5/15 + 41*w**2. Let a(r) be the third derivative of d(r). Determine a(-2).
18
Let q be ((-5)/(-5) - 0) + 2. Let m(p) = 0*p**q + p**3 - p**2 + 17*p - 5 + 2*p**2 - 16*p. What is m(0)?
-5
Let s(j) be the second derivative of j**5/20 - j**4/2 - 7*j**3/6 - j**2 - 4*j - 23. Give s(7).
-2
Suppose 88*s = 3*d + 85*s - 9, -2*d + 6 = -5*s. Let m(i) = i**3 - 3*i**2 - 3*i + 3. Calculate m(d).
-6
Let n(o) = 11*o**3 + 3*o**2 - 5. Let j(s) = -5*s**3 - 2*s**2 + 3. Suppose 0 = 3*x - 0 - 9. Suppose -a - 14 = -x*a. Let h(l) = a*j(l) + 4*n(l). What is h(1)?
8
Let g be 6/(-4)*(-14)/21. Suppose 3*m - 4*m = -g. Let u(t) be the second derivative of -3*t**5/5 - t**4/6 + t**3/6 + 3*t. Calculate u(m).
-13
Let r = -12 + 14. Let t(a) = 0*a**2 - 3*a + 4*a + 2*a**r - a**3. Calculate t(3).
-6
Let s(d) = -6*d**2 + 8*d + 2. Let q(i) = -i**3 + 18*i**2 - 26*i - 7. Let p(c) = 2*q(c) + 7*s(c). Determine p(-3).
-12
Let q(l) = 14 + 9478*l - 9477*l + 1. Let u(h) = -2*h - 4. Let t be u(-3). Suppose -t*p + 5*p = -r - 2, -2 = -p. Calculate q(r).
7
Let m = -18 + 24. Let p(q) = 5 - 6 + 14 - q - m. What is p(6)?
1
Let d(a) be the third derivative of a**4/8 + a**3/2 - 16*a**2. Give d(-6).
-15
Suppose 5*h + 11 = 2*l, -1 = -3*h - 4*l + 8. Let w = h + 1. Let i(x) be the first derivative of -x**2/2 + 3*x + 1250. Give i(w).
3
Let o(h) = 2*h + 9. Suppose -120 = 22*u + 34. What is o(u)?
-5
Let j(p) be the second derivative of -1/2*p**3 + 0 - 10*p - 3/2*p**2 - 1/6*p**4 + 1/20*p**5. What is j(3)?
-3
Let t be 3/(-6)*6 - -6. Suppose -5*w = -k - 7, 0 = 5*w + k - 10 - t. Let c(h) be the third derivative of -h**5/20 - h**4/24 + 2*h**2. Calculate c(w).
-14
Suppose -4*z + 23*l - 26*l = 25, -3*l = z + 13. Let i(p) = p**3 - 6*p**2 + p. Let n be i(6). Let q(d) = -d**2 - d**2 + 0*d**2 - n*d. Give q(z).
-8
Let t = -8 - -5. Let a = t + 2. Let z(l) = -90*l**2 - 55*l + 55. Let p(m) = -5*m**2 - 3*m + 3. Let n(x) = 110*p(x) - 6*z(x). Give n(a).
-10
Let b(r) = -r. Let k be (3 + -2)/(-2)*12. Let h be (4/((-32)/(-20)))/((-3)/k). Calculate b(h).
-5
Let v(b) = -24*b - 11. Let a(n) = -71*n - 31. Let m(r) = 6*a(r) - 17*v(r). Give m(1).
-17
Let w(b) = b**3 + 2*b**2 + 11. Let d be w(-3). Let g(v) = 3*v - 40 + 40. Determine g(d).
6
Let j(q) = q**2 + 5*q - 10. Suppose -20 = -v - 0. Let f = v + -11. Let k = f - 16. What is j(k)?
4
Let h(w) = 3*w + 2. Let l(b) = b**3 - 5*b**2 - 9*b + 14. Let d be l(6). Let x be (d + 2)*5*8/(-20). Determine h(x).
14
Let l(u) = -90*u - 714. Let t be l(-8). Let a(f) = -f**2 + 3*f + 4. Determine a(t).
-14
Let r(d) be the third derivative of d**5/15 + 3*d**4/8 - 5*d**3/6 + 9*d**2. Let b(v) = -3*v**2 - 9*v + 6. Let k(p) = -5*b(p) - 4*r(p). What is k(7)?
4
Let c(p) = -p - 3. Let h = 16 - 12. Suppose 0 = 2*a - h*a - 12. Calculate c(a).
3
Let t(x) be the first derivative of x**3/3 + 3*x**2/2 - x + 239. Calculate t(-3).
-1
Let z be 6/15 + 92/20. Suppose z*t + 6 = 2*t. Let x(c) = -c**3 + c - 2. Calculate x(t).
4
Let t(v) = -v**3 + 6*v**2 + 4*v - 7. Let y = -79 - -85. Calculate t(y).
17
Suppose 0 = 3*g + 8*o - 3*o - 29, g + 13 = 4*o. Suppose -c = 2*u + 2 - g, 5*u = 4*c - 43. Let v(q) = 1 + 3 - 9*q + c*q. What is v(-5)?
14
Let l(a) be the second derivative of a**4/12 + 2*a**3/3 - 2*a**2 + 9*a. Let z be -2 - (-2)/((-8)/12). Calculate l(z).
1
Suppose 5*h - 4*u = 27, 2*h - u + 5*u + 6 = 0. Let w(q) = h + q**2 - 26*q - 1 + 30*q. Suppose 27 = 6*s - 15*s. Calculate w(s).
-1
Let i(m) be the second derivative of 0 + 5/2*m**2 + 8*m - 1/24*m**4 + 1/20*m**6 + 0*m**3 + 1/60*m**5. Let y(t) be the first derivative of i(t). What is y(1)?
6
Let y(p) = -14*p**3 - 38*p**2 - 17*p + 13. Let r(a) = 5*a**3 + 13*a**2 + 6*a - 5. Let t(j) = 17*r(j) + 6*y(j). Calculate t(7).
-7
Suppose 36 - 117 = 9*p. Let w(c) = c**3 + 8*c**2 - 8*c - 13. Give w(p).
-22
Let n be (-1 + 0)/(4/4) - -8. Let z(x) = 9 - 5 + x**2 - n*x + 3. Give z(6).
1
Let f(w) be the second derivative of 2*w**3/3 + 5*w**2 + 228*w. What is f(-3)?
-2
Let p(a) be the second derivative of -1/2*a**2 + 1/2*a**3 + 25*a + 0. Calculate p(-1).
-4
Let s(q) = -100 + 284 + 2*q - 92 + 3*q**2 - 94 - 2*q**2. Calculate s(-4).
6
Let g be (-1 - -2)/(2/4). Suppose 8 + 14 = -5*x - g*f, -8 = x + 4*f. Let n(w) be the second derivative of -w**5/20 - w**4/2 - w**3 + w. What is n(x)?
-8
Let j be 6 - (4 + -3) - (30 - 0). Let d(v) = v**3 + 26*v**2 + 24*v - 21. Determine d(j).
4
Let n(b) = b**2 + 17*b + 12. Let v = -25 + 11. Let g be n(v). Let k be -4*(-3 - g/8). Let x(q) = q + 6. What is x(k)?
3
Let f(l) = -l - 18. Suppose 0 = 5*k + 26 + 64. Let m be f(k). Let a(r) = -r**2 + 4. Give a(m).
4
Suppose 3*h - 30 + 18 = 0. Let v(o) = -20 + 20 - 2*o + 1 + h*o. Determine v(1).
3
Suppose 418*r - 435*r = 0. Let j(p) = 3*p**2 - p - 3*p**2 - p**3 - 7. Determine j(r).
-7
Let i(w) = 3*w**3 + 2. Let m be i(-2). Let g be 11/(m/12) - -1. Let u(c) = -7*c - 1 + 0 - 1 + 4*c**2 + c**3. Calculate u(g).
8
Let h(w) be the first derivative of w**2/2 + w + 7. Let v be h(2). Let u(k) = k**3 - 4*k**2 + 5*k - 4. What is u(v)?
2
Let b(i) = 94*i - 475. Let m be b(5). Let v(l) = -l**3 - 4*l**2 + 6*l + 6. Calculate v(m).
1
Let h(d) be the first derivative of -1/3*d**3 + 2*d**2 - 11 - 6*d. Determine h(4).
-6
Let v = -1 + 2. Let a(c) = -28 + 7 + 5*c + 12 + 8. What is a(v)?
4
Let w(v) = v + 1. Let h(o) = o**3 + 4*o**2 - 4*o - 2. Sup